 + 67. Calculate v(j).
-11
Let h(w) = 1592*w**2 - w + 2. Let a be h(1). Let k(d) = -1592*d - a*d + 3187*d. Suppose 5*m = n - 11, 0 = -n - 0 + 1. Give k(m).
-4
Let h(x) = 4*x - 10. Let i(c) = -8 + c + 16 - 9. Let l(f) = -h(f) + 5*i(f). Determine l(-3).
2
Suppose -10 - 21 = -4*i + 5*g, -3*g = -4*i + 25. Suppose 4*j + j - 15 = 0, 5*j - 23 = -i*y. Let h(q) = 305 + 4*q - 2*q - 304 - q**y. Determine h(-1).
-2
Suppose y + 3 = -4*d + 5, -2*y = -d - 13. Let h(m) = -2*m + 4. Let j be h(y). Let x(c) = -5 - 42*c - 49*c + 182*c + c**2 - 43*c - 40*c. Calculate x(j).
-5
Let w(p) = -23*p + 15*p**2 + 129 + 12*p**2 - 41*p**2 + 15*p**2. Let v be w(9). Let f(c) = -c**3 + c**2 + 3*c + 3. What is f(v)?
-6
Let y(a) = -a**3 + 4*a**2 + 8*a - 7. Let c = 7 - 10. Let m(r) be the third derivative of -r**4/8 - 2*r**3/3 - 624*r**2. Let o be m(c). Give y(o).
8
Let w(l) = 5*l**3 - l**2 + 2*l - 1. Suppose -2*c = 2*c - 4*v - 84, 2*c - 4*v - 32 = 0. Let n = c - 24. Suppose 2*y - 3 = -y - 3*g, 3*g = -2*y + n. What is w(y)?
5
Let v(l) = 7*l**3 - 204*l**2 + 373*l + 133. Let c(u) = -u**3 + 29*u**2 - 53*u - 19. Let s(n) = -15*c(n) - 2*v(n). What is s(25)?
-6
Let n be 5 + (0 - 0) + 0/(-2). Let m(q) be the second derivative of -q**5/20 + q**4/2 - 5*q**3/6 + q**2 - 66*q. Calculate m(n).
2
Let v(p) = -7*p + 664 + 687 - 2056 + 655. Give v(-6).
-8
Let j = 231 + -226. Let x(h) = 2 + 5*h + j*h - 4*h + 1 - 3*h. Calculate x(-9).
-24
Suppose 2*h + 16 = 2*d, -h - 4*d + 3 - 1 = 0. Let y be 2/4*h - -5. Let x(n) = -2 + 4*n**3 + 1733*n + 0 + 0*n**2 - 2*n**2 - 1734*n. Determine x(y).
20
Let j be (30 - 28)*(8 + -1). Let h(y) be the second derivative of -y**3/6 + 5*y**2 + 390*y. What is h(j)?
-4
Let r(p) be the third derivative of -2*p**5/15 + p**4/24 + p**3/2 + 15*p**2 + 45*p. Determine r(-1).
-6
Let h(r) = -2 + 7990*r**2 + 133*r - 3996*r**2 - 3975*r**2. What is h(-7)?
-2
Suppose -m + 4 = -5*z, z + 16 = -3*m + 7*m. Suppose 0 = -z*g - 4*g - 2*r, 5*r = 2*g + 24. Let y(v) be the first derivative of v**3/3 - 2*v - 1. Calculate y(g).
2
Let i(a) = a**2 + 3*a - 20. Let f(p) = 440*p - 4405. Let s be f(10). What is i(s)?
-10
Let w(c) = 3*c**3 - 2*c**2 + c. Suppose -19*u + 16*u - 150 = 0. Let p = -49 - u. What is w(p)?
2
Suppose 4*r = 36*r. Let m(n) = 6*n + 11*n**2 + 3 + r - n**2 - 2 - 9*n**2. Suppose 3*s + 6 = s. Determine m(s).
-8
Let n be 12*4/8*(-9)/(-18). Let g(t) = -25*t + n + 0*t - t**2 + 21*t. Give g(-4).
3
Let q(l) = l**3 + 11*l**2 + 15*l + 20. Let f be 272/(-27) + (-66)/(-891). What is q(f)?
-30
Let m(o) be the second derivative of o**7/2520 + o**5/60 - o**4/6 - 2*o**3 - 4*o + 10. Let j(s) be the third derivative of m(s). Give j(-4).
18
Let v(x) be the third derivative of -7*x**6/60 + x**5/15 - x**4/12 - x**3/6 - 13*x**2 - 12*x. Give v(1).
-13
Let o(h) be the first derivative of -2*h**3/3 - 7*h**2/2 - 3*h + 25. Let c(x) = 45*x**2 - 10*x - 51*x**2 + 3*x**3 - 2*x**3 + 16. Let l be c(7). What is o(l)?
-18
Let b(z) = 4*z + 48. Let g be b(-10). Let j(h) = 5 + g + 3*h - 6. Determine j(-6).
-11
Let c(z) = -5 + 23 + 8*z - 5*z. Suppose -42*u = 13*u + 36*u + 819. Calculate c(u).
-9
Suppose 0*m = -5*n + 4*m + 22, 4*m + 16 = 4*n. Let v(t) = 2*t**3 + 2 + 7 - 2*t**2 - 3 - 4*t**2 - t**3 - 3*t. Calculate v(n).
-12
Let c = -114 - -113. Let u(s) = -115*s + 2. Let t be u(c). Suppose -12*w = w + t. Let z(b) = 2*b + 8. Give z(w).
-10
Let o(x) = x**2 - 3*x**2 - x - 1 - 3*x**2 - x**3. Let w(r) = 6*r - 2 - 4*r - 4 + 5. Let p be w(-2). Calculate o(p).
4
Let a = 5476 + -5471. Let t(f) = 6*f**2 - 26*f - 10. Give t(a).
10
Let w = 41681 + -41680. Let p(l) = -46*l + 37. Give p(w).
-9
Suppose -2*w + 8*l - 6*l + 34 = 0, -4*l + 103 = 5*w. Let a(t) = 3*t - 50. Determine a(w).
7
Let j(i) be the third derivative of -132*i**2 + 0*i + 1/10*i**5 - 1/120*i**6 + 0 + 0*i**4 - 2/3*i**3. Determine j(6).
-4
Let g be 2/(1*26/(-65)) + (-2 - -3). Let s(t) = -8*t**2 + 6*t. Calculate s(g).
-152
Let d(m) = m**2 - 38*m + 300. Suppose 328*j = -330*j + 682*j - 264. Determine d(j).
3
Let c(f) = f**3 - 10*f**2 + 8. Let j be (-60)/24 - 962/4. Let n be -8 + j/(-30) - 99/(-10). What is c(n)?
8
Let b(u) = u - 1. Suppose 98*w - 103*w + 175 = 0. Suppose w = -5*h + 5. Determine b(h).
-7
Let i(g) be the second derivative of 2/3*g**3 - 3*g + 0*g**2 + 3. Suppose 0 = -r - 1 - 2. Calculate i(r).
-12
Suppose -2*n - 12*n + 1540 = 0. Let g = n - 108. Let v(b) = -2*b**2 + g*b**2 - 6*b**2 + 15*b**2. Give v(-1).
9
Let g(s) = -2*s**2 - 135*s - 68. Let w be 4 + 5757/(-81) - (-18)/243. Calculate g(w).
-1
Let f = 3566 + -3566. Let b(i) = i**2 + 8*i + 4. Calculate b(f).
4
Let v(t) = -7*t**3 + 2*t**2 + 2*t + 2. Let w be -2 + (-1)/(-2)*(6 - 12). Let j(k) = -13*k**3 + 3*k**2 + 3*k + 3. Let n(f) = w*v(f) + 3*j(f). Calculate n(-1).
3
Let b(u) = -7*u**3 - u**2 - u - 1. Suppose -5*c + 2*y = 10, -16 + 1 = -5*c - 3*y. Let d(z) = -z**2 + 3*z - 96. Let x be d(c). Let k = x - -95. What is b(k)?
6
Let k(l) = l**3 + 5*l**2 + 4*l + 4. Let z = -82 + 3. Let d = z + 74. Give k(d).
-16
Let x(u) be the first derivative of 1/2*u**2 - 5*u**3 - u + 1. Let y(a) = -902*a - 76669. Let r be y(-85). Calculate x(r).
-15
Let f be 17 - -12*(-7)/28. Let j(p) = f - 8 - p + 1 + 1. Give j(3).
5
Let p(x) = -12*x + 26. Let y(h) = -6*h + 13. Let v(g) = -4*p(g) + 9*y(g). Let l = 4 - 5. Let d(b) = b - 1. Let i(c) = l*v(c) - 5*d(c). Calculate i(6).
-2
Let m(a) = a**3 - 25*a**2 + 10. Let h be (-5)/((96/5)/(-6) + 3). Determine m(h).
10
Suppose 4*o = 12, 2*y - 13 = -4*o + 9. Suppose y*t - 24 = -3*t. Let u(j) = -4*j + t*j + 0 - 5 + 3*j. Determine u(6).
7
Let l(y) = -4*y. Let i(u) = 15*u + 3. Let k be i(2). Suppose -j - s = -5*j + k, 5*j = -2*s + 25. Suppose -j = -2*r - 3*q, -r - 3*q - q + 11 = 0. Give l(r).
4
Let c(p) be the second derivative of p**3/3 + 5*p**2/2 - 6*p. Suppose 4*t - 48 = -16. Suppose -5*u = t + 12. Calculate c(u).
-3
Let x be (-27)/(-72)*8 + 1. Let k(j) = j. Suppose q + q - 2 = -2*b, 0 = 5*b + 2*q - 5. Let w(n) = -n**2 + 3*n - 4. Let f(c) = b*w(c) + k(c). What is f(x)?
-4
Let y be (-1353)/(-30) - 2/20. Let o be (0 + 1)/(y/(-225)). Let g(h) = h**3 + 5*h**2 - 2*h - 1. What is g(o)?
9
Let i(o) = o**3. Let r = -52 + 54. Let u be 2 + ((-12)/42 - r/(-7)). Let z(x) = x**3 - 2*x**2 - 2*x + 6. Let l be z(u). What is i(l)?
8
Let g be -3*30/9*(-64)/160. Suppose g*x + 5 = 3*x, 3*h + 3*x = -6. Let c(s) = -3*s**3 + s**3 - 2*s - 3 + 4*s**2 + s**3. What is c(h)?
0
Let i be 32/(-7) + (-6 - (-78)/14). Let r(h) = 4*h + 11. Determine r(i).
-9
Let d(j) = j**3 + 6*j**2 + 2*j + 12. Suppose 821*n - 205 = 410*n + 452*n. Calculate d(n).
27
Suppose 0 = 4*q - 3*d - 141, -3*d - 122 = -3*q - 4*d. Suppose 3*l + q = -3*y, 35 - 4 = -3*l + y. Let p(g) = -g**2 - 11*g. What is p(l)?
0
Let i(y) = 4*y**2 + 165*y - 121. Let r be i(-42). Let z(j) = -7*j + 35. What is z(r)?
0
Let t(w) = 37*w**2 - 74029*w + 74005*w + 173 - 38*w**2. What is t(-30)?
-7
Let a be (-1 + -3)/(1/4). Let y be 2/(-10) + a/(-5). Let b(o) = -o**3 + 29*o**2 + 1 - 3*o**y - 31*o**2. What is b(1)?
-5
Let l = -71 - 2. Let u = -63 - l. Let v(b) = -b**3 - b**2 + b. Let g(t) = -2*t**3 - 14*t**2 + 15*t - 10. Let d(p) = g(p) - 3*v(p). Give d(u).
10
Let q be (-28)/(-10) - (-4)/20. Let h(c) = 2*c + c**2 - 6*c**3 + 2 - 16*c**3 + 29*c**3 + 2 - 8*c**3. What is h(q)?
-8
Let s(w) = 8*w. Let z(d) = 15*d + 12. Let h(y) = 3*s(y) - z(y). Determine h(-3).
-39
Let m = 22 + -24. Let p(s) be the third derivative of s**6/120 - s**5/60 - s**4/24 - s**3/6 + 10*s**2 - s. Give p(m).
-11
Let l(f) = -4*f - 3. Let c(h) = -21*h - 16. Let s(w) = -2*c(w) + 11*l(w). Suppose 5*i - 14 = -2*i. Let v be (1/i)/1*(12 - 4). Calculate s(v).
-9
Suppose -8 - 3 = -o. Suppose -4 = b - 2*l, 0 = o*b - 9*b + 3*l - 13. Let m(u) = 1 + 8*u**2 + 12*u**2 + 2*u - 5*u**b. Give m(-1).
14
Let h = 3 - 11. Let o(y) = -47*y - 3. Let p(b) = -24*b - 1. Let m(l) = 2*o(l) - 5*p(l). Let s(v) = 17*v - 1. Let r(a) = h*s(a) + 5*m(a). Calculate r(3).
-15
Let r(k) = -11*k**2 - 5*k + 26 + 0*k + 19*k + k**2 + 5*k**2. Give r(-2).
-22
Let s(y) = y. Suppose -j - 2*o = 34 - 19, o = 4*j + 6. What is s(j)?
-3
Let w(y) = 2*y**2 + 34*y + 101. Let i be w(-24). Suppose i*u = 433*u + 52. Let o(x) = 3*x - 32. Give o(u).
7
Let y(t) = t**3 - 5*t**2 - 6*t + 1. Suppose -4*q + 222 = 198. What is y(q)?
1
Let y(n) = n**3 + 3*n**2 - 8*n + 4. Suppose 30 = 4203*s -